 What are the prime factors of b(26)?
5, 127
What are the prime factors of ((-48838)/(-18))/((-269)/(-2421))?
24419
Let z(i) = 2*i + 4. Let m be z(-4). Let o(l) be the first derivative of -l**4/2 - 2*l**3/3 + 3*l**2 + 9*l + 36. List the prime factors of o(m).
3
Let h = -50 + 55. List the prime factors of (6/h)/(9/4470) + -5.
3, 197
Let o(q) = -2*q + 32. Let s be o(14). Suppose -s*n = 5*u - 220, -10*u = -6*u. List the prime factors of n.
5, 11
Let b(k) = -2*k**2 - 3*k + 15. Let y be b(16). Let q = y + 787. List the prime factors of q.
2, 11
Let a(s) = -35*s - 12. Suppose -62 = 5*l - 12. Let d be a(l). Let b = d + -116. What are the prime factors of b?
2, 3, 37
Let k(a) = 33*a + 7. Let h be (30 - -30)*((-5)/(-2) - 2). What are the prime factors of k(h)?
997
Suppose b - 9 = -4. Suppose 2*i = -b - 7. What are the prime factors of -1*28/i*(0 - -9)?
2, 3, 7
List the prime factors of 10806775/1015 - 8/116.
3, 7, 13
List the prime factors of ((-326556)/(-24))/(-3)*(4 - 2)/(-1).
47, 193
Suppose 8618 = 3*k - 5*z, 1416*k + 5*z = 1420*k - 11489. List the prime factors of k.
3, 11, 29
Suppose 2*r + 2*h - 53900 = -2*r, 3*r - h - 40440 = 0. What are the prime factors of r?
2, 23, 293
Let q(v) = 8*v**3 + 4*v**2 + 15*v - 112. List the prime factors of q(6).
2, 5, 37
Let d(n) = 11426*n - 5416. What are the prime factors of d(3)?
2, 14431
List the prime factors of 12 + -3 - (-33343 - -15).
17, 37, 53
Suppose -2*u + 12 = -f, 4*u - 25 = f + 1. Suppose 0 = -u*x + x + 240. Suppose 36 + x = t. List the prime factors of t.
2, 19
Suppose 57*j + 169*j - 1526156 = 54*j. What are the prime factors of j?
19, 467
Suppose -441*r - 5*q - 14586 = -444*r, -5*r = 5*q - 24390. List the prime factors of r.
2, 3, 7, 29
Suppose 0 = 3*i - 15, 2*h + 2*h = -3*i + 571. Suppose 0 = 34*v - v + 98*v + 4847. Let t = v + h. List the prime factors of t.
2, 3, 17
Suppose -p + 12 = -2*o, 2*p - o + 0 = 15. Suppose 0 = -p*n + 472 - 100. Suppose -38 = -x + n. What are the prime factors of x?
2, 5
Let j(v) = -15*v**2 - 2*v. Let b be j(-3). Let a = 399 + b. What are the prime factors of a?
2, 3, 5
Let x(i) = i**3 - 8*i**2 + 8*i + 1. Let s be x(7). Let g = -3 + s. Let l(j) = 3*j**2 - j - 10. List the prime factors of l(g).
2, 3, 5
Let l(i) = 11747*i**2 - 5*i - 2. What are the prime factors of l(-2)?
2, 31, 379
Let j be ((-2)/6)/(2/30). What are the prime factors of (4*(-215)/(-100))/((-1)/j)?
43
Let f = -26138 + 50924. List the prime factors of f.
2, 3, 17
Let z(u) = -1547*u - 1163. What are the prime factors of z(-7)?
2, 3, 179
Let k be -838*(364/(-504) - (-4)/18). Let m = k - -131. What are the prime factors of m?
2, 5, 11
Let h(s) = -70*s**2 + 8*s + 82. Let k be h(-6). Let y = 4056 + k. What are the prime factors of y?
2, 5, 157
Let x(k) = -k**3 - 12*k**2 - 54. Let j be x(-14). Suppose o - 332 = 2*u + u, 5*u = o - j. List the prime factors of o.
17, 19
Suppose 5*d - 427 = -4*p + 728, p = -2*d + 291. Let k = p + -247. List the prime factors of k.
2, 19
Suppose 2*d + 33 = 95. Let z = d - 28. Suppose -a - 2*s - s + 52 = 0, -z*a = -4*s - 117. What are the prime factors of a?
43
Suppose 0 = 13*q - 23*q - 4980. Let t = -423 - q. List the prime factors of t.
3, 5
Let z = -277 + 1582. Suppose -82*p + z = -77*p. What are the prime factors of p?
3, 29
Let g be 2/(-6) + (-20)/36*-6. Suppose -4*q = g*q - 168. Suppose 5*w + q = 2*h, 5*h - 3*w - 18 = -w. What are the prime factors of h?
2
Let h = 311 + -213. Let u = 45 - 41. Suppose -3*s - d + 67 = 0, -u*s + d + h = -2*d. What are the prime factors of s?
23
Let h(z) = 319*z + 154. What are the prime factors of h(4)?
2, 5, 11, 13
Let n = -142 + 145. Suppose -169 - 65 = -n*x. List the prime factors of x.
2, 3, 13
Let j(i) = -i**3 + 31*i**2 - 13*i + 96. What are the prime factors of j(14)?
2, 3, 541
Let f(s) = 3*s**3 + 4*s + 8. Let o be f(-4). Let q be (-3)/(15/2)*o. Suppose -2*k + 3*v + 153 = 0, q = k + v + v. What are the prime factors of k?
2, 3, 13
Let w be (-2466)/8 - (-110)/88. Let p = -106 - w. List the prime factors of p.
3, 67
Let a(h) = 168*h**2 - 22*h + 165. What are the prime factors of a(7)?
8243
What are the prime factors of (-395 - -374) + 2060 + -1?
2, 1019
Let k = 28 + -28. Suppose k + 8 = 4*c. Suppose 0 = 3*o - 3*p + 2*p - 367, -c*o + 3*p = -240. What are the prime factors of o?
3, 41
Let z = 11921 - 9604. What are the prime factors of z?
7, 331
List the prime factors of ((6 - 16) + 105/10)*53240.
2, 5, 11
Let m = 6893 - -10268. List the prime factors of m.
131
What are the prime factors of -5 + (-9205)/(-5) + (-12)/3?
2, 229
Suppose -22685 + 99321 = 49*b. What are the prime factors of b?
2, 17, 23
Let i be 1/2*(6 + -4). Let r be 3564/144 + (2/8)/i. Suppose r*o + 1519 = 32*o. What are the prime factors of o?
7, 31
Let k be (-1921)/(-8) - (-14)/(-112). Suppose k = 4*b + 5*j - 32, -b + 2*j + 55 = 0. What are the prime factors of b?
3, 7
Suppose -4*g = -2*f - 2*g + 16, -4*f = 4*g. Suppose 690 = 5*h + 15*x - 16*x, -f*h - 2*x = -566. What are the prime factors of h?
139
Let f = 49 + -40. Let x be 2269/7 + f + (-192)/21. Let b = x - 143. What are the prime factors of b?
181
List the prime factors of (7 + (-380)/45)*-12*42.
2, 7, 13
Suppose 0 = -293*s + 5887732 + 15796905. List the prime factors of s.
13, 5693
Let l = -40245 + 57462. What are the prime factors of l?
3, 1913
Let q(v) = v**3 + 8*v**2 - 3*v - 72. Let h be q(-7). List the prime factors of h - -8 - 0 - -599.
5, 11
List the prime factors of ((-388)/(-582))/(4/20598).
3433
Suppose -4*f + 2*f - 10 = -3*x, 4*x - 3*f - 14 = 0. Suppose 5*a = x*d + d - 17, d - 3*a - 7 = 0. List the prime factors of (-1310)/(-8) - 1 - (-1)/d.
163
Let u(a) = 470*a**2 - 225*a + 11. What are the prime factors of u(5)?
2, 2659
Let a be -4 + (-114)/(-15) - 10/(-25). Suppose g + 5*s - 205 = -2*g, 5*g + a*s = 346. What are the prime factors of g?
2, 5, 7
Suppose 78275 = 25*s - 120675. List the prime factors of s.
2, 23, 173
Let l(k) = 3*k**2 - 13*k + 59. Let x = -473 + 491. List the prime factors of l(x).
797
Suppose 3*n + 12 = 3*z, 4*z = -4*n + 2*n - 8. Suppose z + 20 = 10*s. What are the prime factors of s?
2
Suppose -7*m + 5*m - 15086 = -2*w, 4*m = 3*w - 22628. List the prime factors of w.
2, 23, 41
Suppose -27*z + 29*z - 2*h = 14362, 0 = 5*z + 5*h - 35875. List the prime factors of z.
2, 37, 97
Let b = 9188 - 3263. What are the prime factors of b?
3, 5, 79
Suppose 259*b = 260*b - 57. Suppose -q - b = -270. What are the prime factors of q?
3, 71
Suppose 15*l - 150 = 127*l - 374. Suppose 2*h = -0*h. Suppose h = -l*t + 90 - 20. List the prime factors of t.
5, 7
Let o be (-16)/20*15/(-6). Suppose o*k + k + m = 874, -2*k - 5*m + 561 = 0. What are the prime factors of k?
293
Suppose 4*f - 353 = -3*c, 4*f - 120 = -2*c + 122. Let t be c/(-9)*-25 - 8/24. Suppose -5*o = -19*o + t. List the prime factors of o.
2, 11
Let b(q) = -30*q - 3. Let w be b(-5). Suppose 0*c + 5*c - 4*u - w = 0, 4*c - 4*u = 120. List the prime factors of c.
3
Suppose 21*p + 230 = 104. What are the prime factors of 14/(-42) - 11018/p?
2, 3, 17
Let n(y) = y - 21. Let j be n(9). What are the prime factors of (40/(-30))/(1/j)?
2
Let k(y) = y**2 + 22*y + 76. Let j be k(-4). Let h(a) = -5*a + 23. List the prime factors of h(j).
3
Suppose -12 + 22 = 5*j. Let o(q) = -q + 3*q**2 + 1 + 6*q**j + 2*q**2 - 2*q. What are the prime factors of o(3)?
7, 13
Let o(u) = 2*u**2 - 10*u - 32. Let x be o(10). Suppose l + x = -110. Let m = l + 252. List the prime factors of m.
2, 37
Suppose 502048 = -624*x + 660*x - 220544. What are the prime factors of x?
2, 13, 193
Suppose -223 = -k + 4*o, -7*k + 9*k + o = 437. Let x = k - -338. List the prime factors of x.
557
Let i = 42363 - 24696. What are the prime factors of i?
3, 13, 151
Suppose -x + 346 + 255 = -5*g, 0 = 5*g + 3*x + 617. Let q = -18 - g. Suppose -7*r + 338 = -q. List the prime factors of r.
3, 7
Let z(i) = 13*i**2 + 13*i - 6. Suppose -4*v - p - 254 = p, v + 4*p = -81. Let x = v + 64. List the prime factors of z(x).
2, 3, 5
Let k = 677 - 635. Suppose k*l = 38*l + 608. List the prime factors of l.
2, 19
Suppose 2*u + 5*t = 30, -2*u - 5*t + 4*t + 14 = 0. Suppose -i - 2*x = -1, u*i - 3*x = 2 + 16. What are the prime factors of (i*(-16)/60)/(2/(-15))?
2, 3
Let a(q) = -4*q**3 + 4*q**2 - 8*q + 3. Let h be a(3). Let u = 28 -